{"id":80,"date":"2026-02-15T15:57:45","date_gmt":"2026-02-15T14:57:45","guid":{"rendered":"https:\/\/edsinstytut.pl\/?page_id=80"},"modified":"2026-02-16T12:27:21","modified_gmt":"2026-02-16T11:27:21","slug":"zaburzenia-ze-spektrum-hipermobilnosci-hsd","status":"publish","type":"page","link":"https:\/\/edsinstytut.pl\/?page_id=80","title":{"rendered":"Zaburzenia ze spektrum hipermobilno\u015bci (HSD)"},"content":{"rendered":"\t\t<div data-elementor-type=\"wp-page\" data-elementor-id=\"80\" class=\"elementor elementor-80\">\n\t\t\t\t<div class=\"elementor-element elementor-element-2f1c508 e-flex e-con-boxed e-con e-parent\" data-id=\"2f1c508\" data-element_type=\"container\" data-e-type=\"container\">\n\t\t\t\t\t<div class=\"e-con-inner\">\n\t\t\t\t<div class=\"elementor-element elementor-element-a3252b5 elementor-widget elementor-widget-image\" data-id=\"a3252b5\" data-element_type=\"widget\" data-e-type=\"widget\" data-widget_type=\"image.default\">\n\t\t\t\t\t\t\t\t\t\t\t\t\t\t\t<img fetchpriority=\"high\" decoding=\"async\" width=\"1024\" height=\"765\" src=\"https:\/\/edsinstytut.pl\/wp-content\/uploads\/2026\/02\/ChatGPT-Image-15-lut-2026-20_36_05.png\" class=\"attachment-1536x1536 size-1536x1536 wp-image-220\" alt=\"\" srcset=\"https:\/\/edsinstytut.pl\/wp-content\/uploads\/2026\/02\/ChatGPT-Image-15-lut-2026-20_36_05.png 1024w, https:\/\/edsinstytut.pl\/wp-content\/uploads\/2026\/02\/ChatGPT-Image-15-lut-2026-20_36_05-300x224.png 300w, https:\/\/edsinstytut.pl\/wp-content\/uploads\/2026\/02\/ChatGPT-Image-15-lut-2026-20_36_05-768x574.png 768w\" sizes=\"(max-width: 1024px) 100vw, 1024px\" \/>\t\t\t\t\t\t\t\t\t\t\t\t\t\t\t<\/div>\n\t\t\t\t\t<\/div>\n\t\t\t\t<\/div>\n\t\t<div class=\"elementor-element elementor-element-41d77eb e-flex e-con-boxed e-con e-parent\" data-id=\"41d77eb\" data-element_type=\"container\" data-e-type=\"container\">\n\t\t\t\t\t<div class=\"e-con-inner\">\n\t\t\t\t\t<\/div>\n\t\t\t\t<\/div>\n\t\t<div class=\"elementor-element elementor-element-0564a37 e-flex e-con-boxed e-con e-parent\" data-id=\"0564a37\" data-element_type=\"container\" data-e-type=\"container\">\n\t\t\t\t\t<div class=\"e-con-inner\">\n\t\t\t\t\t<\/div>\n\t\t\t\t<\/div>\n\t\t<div class=\"elementor-element elementor-element-879c18e e-flex e-con-boxed e-con e-parent\" data-id=\"879c18e\" data-element_type=\"container\" data-e-type=\"container\">\n\t\t\t\t\t<div class=\"e-con-inner\">\n\t\t<div class=\"elementor-element elementor-element-3068808 e-con-full e-flex e-con e-child\" data-id=\"3068808\" data-element_type=\"container\" data-e-type=\"container\">\n\t\t\t\t<div class=\"elementor-element elementor-element-16f42da elementor-widget elementor-widget-text-editor\" data-id=\"16f42da\" data-element_type=\"widget\" data-e-type=\"widget\" data-widget_type=\"text-editor.default\">\n\t\t\t\t\t\t\t\t\t<h4><strong>Zaburzenia ze spektrum hipermobilno\u015bci<\/strong><\/h4><h4>Hypermobile spectrum disorders (HSD) czyli zaburzenia ze spektrum hipermobilno\u015bci to zaburzenia tkanki \u0142\u0105cznej, kt\u00f3re ma podobne objawy do hEDS czyli hipermobilno\u015b\u0107, niestabilno\u015b\u0107 staw\u00f3w, b\u00f3l, zm\u0119czenie czy problemy \u017co\u0142\u0105dkowo-jelitowe. Diagnozuje si\u0119 je, gdy symptomatyczna hipermobilno\u015b\u0107 nie mo\u017ce by\u0107 zakwalifikowana jako EDS.<\/h4>\t\t\t\t\t\t\t\t<\/div>\n\t\t\t\t<\/div>\n\t\t<div class=\"elementor-element elementor-element-2f4d15d e-con-full e-flex e-con e-child\" data-id=\"2f4d15d\" data-element_type=\"container\" data-e-type=\"container\">\n\t\t\t\t<div class=\"elementor-element elementor-element-1e9072c elementor-widget elementor-widget-text-editor\" data-id=\"1e9072c\" data-element_type=\"widget\" data-e-type=\"widget\" data-widget_type=\"text-editor.default\">\n\t\t\t\t\t\t\t\t\t<h4><strong>Czym jest hipermobilno\u015b\u0107? <\/strong><\/h4><h4>Hipermobilno\u015b\u0107 stawowa oznacza, \u017ce stawy maj\u0105 wi\u0119kszy zakres ruchu ni\u017c powinny. Przy diagnostyce lekarskiej w kierunku EDS u\u017cywa si\u0119 skali Beightona, kt\u00f3ra obejmuje kolana, \u0142okcie oraz stawy r\u0105k.<\/h4><h4>Niekt\u00f3rzy z hipermobilno\u015bci\u0105 do\u015bwiadczaj\u0105 dodatkowo niestabilno\u015bci staw\u00f3w, kt\u00f3ra mo\u017ce prowadzi\u0107 do skr\u0119ce\u0144 czy zwichni\u0119\u0107 staw\u00f3w i cz\u0119sto wsp\u00f3\u0142towarzyszy jej b\u00f3l.<\/h4><h4>Czasami jednak mo\u017cna mie\u0107 hipermobilno\u015b\u0107 i nie mie\u0107 \u017cadnych dodatkowych z tego powodu dolegliwo\u015bci b\u00f3lowych.<\/h4>\t\t\t\t\t\t\t\t<\/div>\n\t\t\t\t<\/div>\n\t\t\t\t\t<\/div>\n\t\t\t\t<\/div>\n\t\t\t\t<\/div>\n\t\t","protected":false},"excerpt":{"rendered":"<p>Zaburzenia ze spektrum hipermobilno\u015bci Hypermobile spectrum disorders (HSD) czyli zaburzenia ze spektrum hipermobilno\u015bci to zaburzenia tkanki \u0142\u0105cznej, kt\u00f3re ma podobne objawy do hEDS czyli hipermobilno\u015b\u0107, niestabilno\u015b\u0107 staw\u00f3w, b\u00f3l, zm\u0119czenie czy problemy \u017co\u0142\u0105dkowo-jelitowe. Diagnozuje si\u0119 je, gdy symptomatyczna hipermobilno\u015b\u0107 nie mo\u017ce by\u0107 zakwalifikowana jako EDS. Czym jest hipermobilno\u015b\u0107? Hipermobilno\u015b\u0107 stawowa oznacza, \u017ce stawy maj\u0105 wi\u0119kszy zakres [&hellip;]<\/p>\n","protected":false},"author":1,"featured_media":0,"parent":26,"menu_order":0,"comment_status":"closed","ping_status":"closed","template":"","meta":{"footnotes":""},"class_list":["post-80","page","type-page","status-publish","hentry"],"_links":{"self":[{"href":"https:\/\/edsinstytut.pl\/index.php?rest_route=\/wp\/v2\/pages\/80","targetHints":{"allow":["GET"]}}],"collection":[{"href":"https:\/\/edsinstytut.pl\/index.php?rest_route=\/wp\/v2\/pages"}],"about":[{"href":"https:\/\/edsinstytut.pl\/index.php?rest_route=\/wp\/v2\/types\/page"}],"author":[{"embeddable":true,"href":"https:\/\/edsinstytut.pl\/index.php?rest_route=\/wp\/v2\/users\/1"}],"replies":[{"embeddable":true,"href":"https:\/\/edsinstytut.pl\/index.php?rest_route=%2Fwp%2Fv2%2Fcomments&post=80"}],"version-history":[{"count":30,"href":"https:\/\/edsinstytut.pl\/index.php?rest_route=\/wp\/v2\/pages\/80\/revisions"}],"predecessor-version":[{"id":302,"href":"https:\/\/edsinstytut.pl\/index.php?rest_route=\/wp\/v2\/pages\/80\/revisions\/302"}],"up":[{"embeddable":true,"href":"https:\/\/edsinstytut.pl\/index.php?rest_route=\/wp\/v2\/pages\/26"}],"wp:attachment":[{"href":"https:\/\/edsinstytut.pl\/index.php?rest_route=%2Fwp%2Fv2%2Fmedia&parent=80"}],"curies":[{"name":"wp","href":"https:\/\/api.w.org\/{rel}","templated":true}]}}